{"id":41,"date":"2021-08-01T15:49:39","date_gmt":"2021-08-01T13:49:39","guid":{"rendered":"http:\/\/sfpij.net\/?page_id=41"},"modified":"2024-09-27T18:34:48","modified_gmt":"2024-09-27T16:34:48","slug":"numeros-parus","status":"publish","type":"page","link":"https:\/\/sfpij.net\/index.php\/revue-enfances-adolescences\/numeros-parus\/","title":{"rendered":"Anciens num\u00e9ros"},"content":{"rendered":"\n<p><\/p>\n\n\n\n<figure class=\"wp-block-table\">\n    <table>\n        <tbody>\n            <tr>\n                <td>37<\/td>\n                <td>2024\/1<\/td>\n                <td><a href=\"https:\/\/sfpij.net\/index.php\/revue-enfances-adolescences\/enfances-adolescences-no-37\">\u00ab De lignes de failles en lignes de Forces \u00bb : \u00c9volution de la psychoth\u00e9rapie institutionnelle d\u2019enfants au c\u0153ur de la soci\u00e9t\u00e9 actuelle Journ\u00e9e anniversaire du KaPP (CUSL-UCL) du 18\/11\/2022<\/a><\/td>\n            <\/tr>\n            <tr>\n                <td>36<\/td>\n                <td>2023\/2<\/td>\n                <td><a href=\"https:\/\/sfpij.net\/index.php\/revue-enfances-adolescences\/enfances-adolescences-no-36\">Nouvelles Perspectives : Communications des jeunes p\u00e9dopsychiatres<\/a><\/td>\n            <\/tr>\n            <tr>\n                <td>35<\/td>\n                <td>2023\/1<\/td>\n                <td><a href=\"https:\/\/sfpij.net\/index.php\/revue-enfances-adolescences\/enfances-adolescences-no-35\">Renaissance. Relation parent-enfant Au c\u0153ur de la psychopathologie<\/a><\/td>\n            <\/tr>\n            <tr>\n                <td>34<\/td>\n                <td> 2020\/1-2<\/td>\n                <td> <a href=\"https:\/\/sfpij.net\/index.php\/revue-enfances-adolescences\/numeros-parus\/enfances-adolescences-no-34-2020-1-2\/\" data-type=\"page\" data-id=\"76\">Parentalit\u00e9s \u00e0 l\u2019\u00e9preuve de la souffrance psychique et pratiques de liaison<\/a><\/td>\n            <\/tr>\n            <tr>\n                <td>33<\/td>\n                <td> 2019\/1-2<\/td>\n                <td> <a href=\"https:\/\/sfpij.net\/index.php\/enfances-adolescences-no-33-2021-1-2\/\" data-type=\"page\" data-id=\"92\">Le dossier m\u00e9dico-psychologique<\/a><\/td>\n            <\/tr>\n            <tr>\n                <td>32<\/td>\n                <td> 2018\/1-2<\/td>\n                <td> <a href=\"https:\/\/sfpij.net\/index.php\/enfances-adolescences-no-32-2019-1-2\/\" data-type=\"page\" data-id=\"100\">Violence \u00e0 soi et aux autres<\/a><\/td>\n            <\/tr>\n            <tr>\n                <td>31<\/td>\n                <td> 2017\/1<\/td>\n                <td> <a href=\"https:\/\/sfpij.net\/wp-content\/uploads\/2021\/08\/EA31_couv_sommaire.pdf\">\u00c0 la crois\u00e9e de l\u2019enseignement, du social et de la sant\u00e9 mentale<\/a><\/td>\n            <\/tr>\n            <tr>\n                <td>30<\/td>\n                <td> 2016\/2<\/td>\n                <td> <a href=\"https:\/\/sfpij.net\/wp-content\/uploads\/2021\/08\/EA30_couv_sommaire.pdf\">50e anniversaire La Petite Maison<\/a><\/td>\n            <\/tr>\n            <tr>\n                <td>29<\/td>\n                <td> 2016\/1<\/td>\n                <td> <a href=\"https:\/\/sfpij.net\/wp-content\/uploads\/2021\/08\/EA29_couv_sommaire.pdf\">15 ans d\u00e9j\u00e0<\/a><\/td>\n            <\/tr>\n            <tr>\n                <td>28<\/td>\n                <td> 2015\/2<\/td>\n                <td> <a href=\"https:\/\/sfpij.net\/wp-content\/uploads\/2021\/08\/EA28_couv_sommaire.pdf\">Corps, familiers \u00e9trangers<\/a><\/td>\n            <\/tr>\n            <tr>\n                <td>27<\/td>\n                <td> 2015\/1<\/td>\n                <td> <a href=\"https:\/\/sfpij.net\/wp-content\/uploads\/2021\/08\/EA27_couv_sommaire.pdf\" data-type=\"URL\" data-id=\"https:\/\/sfpij.net\/wp-content\/uploads\/2021\/08\/EA27_couv_sommaire.pdf\">L\u2019espace psychosomatique,de la sensori-motricit\u00e9 au groupe<\/a><\/td>\n            <\/tr>\n            <tr>\n                <td>26<\/td>\n                <td> 2014\/2<\/td>\n                <td> <a href=\"https:\/\/sfpij.net\/wp-content\/uploads\/2021\/08\/EA26_couv_sommaire.pdf\">Petits et grands corps malades<\/a><\/td>\n            <\/tr>\n            <tr>\n                <td>25<\/td>\n                <td> 2014\/1<\/td>\n                <td> <a href=\"https:\/\/sfpij.net\/wp-content\/uploads\/2021\/08\/EA25_couv_sommaire.pdf\">Questions actuelles<\/a><\/td>\n            <\/tr>\n            <tr>\n                <td>24<\/td>\n                <td> 2013\/2<\/td>\n                <td> <a href=\"https:\/\/sfpij.net\/wp-content\/uploads\/2021\/08\/EA24_couv_sommaire.pdf\">Des b\u00e9b\u00e9s, des adolescents, et leurs parents<\/a><\/td>\n            <\/tr>\n            <tr>\n                <td>23<\/td>\n                <td> 2013\/1<\/td>\n                <td> <a href=\"https:\/\/sfpij.net\/wp-content\/uploads\/2021\/08\/EA23_couv_sommaire.pdf\">L&rsquo;enfant plus que parfait<\/a><\/td>\n            <\/tr>\n            <tr>\n                <td>22<\/td>\n                <td> 2012\/2<\/td>\n                <td> <a href=\"https:\/\/sfpij.net\/wp-content\/uploads\/2021\/08\/EA22_couv_sommaire.pdf\">Le psychisme, entre environnement et pulsion<\/a><\/td>\n            <\/tr>\n            <tr>\n                <td>21<\/td>\n                <td> 2012\/1<\/td>\n                <td> <a href=\"https:\/\/sfpij.net\/wp-content\/uploads\/2021\/08\/EA21_couv_sommaire.pdf\">Adolescence et m\u00e9tamorphoses<\/a><\/td>\n            <\/tr>\n            <tr>\n                <td>20<\/td>\n                <td> 2011\/2<\/td>\n                <td> <a href=\"https:\/\/sfpij.net\/wp-content\/uploads\/2021\/08\/EA20_couv_sommaire.pdf\">Des b\u00e9b\u00e9s, des parents, des soignants<\/a><\/td>\n            <\/tr>\n            <tr>\n                <td>19<\/td>\n                <td> 2011\/1<\/td>\n                <td> <a href=\"https:\/\/sfpij.net\/wp-content\/uploads\/2021\/08\/EA19_sommaire.pdf\">Liens et attachement<\/a><\/td>\n            <\/tr>\n            <tr>\n                <td>18<\/td>\n                <td> 2010\/2<\/td>\n                <td> <a href=\"https:\/\/sfpij.net\/wp-content\/uploads\/2021\/08\/EA18_couv_sommaire.pdf\">Enjeux \u00e0 l\u2019adolescence<\/a><\/td>\n            <\/tr>\n            <tr>\n                <td>17<\/td>\n                <td> 2010\/1<\/td>\n                <td> <a href=\"https:\/\/sfpij.net\/wp-content\/uploads\/2021\/08\/EA19_sommaire.pdf\">L\u2019institution dans tous ses \u00e9tats<\/a> <\/td>\n            <\/tr>\n            <tr>\n                <td>16<\/td>\n                <td> 2009\/2<\/td>\n                <td> <a href=\"https:\/\/sfpij.net\/wp-content\/uploads\/2021\/08\/EA19_sommaire.pdf\">Remue-M\u00e9ninges<\/a><\/td>\n            <\/tr>\n            <tr>\n                <td>14 &amp; 15<\/td>\n                <td> 2008\/2, 2009\/1<\/td>\n                <td> <a href=\"https:\/\/sfpij.net\/wp-content\/uploads\/2021\/08\/EA14-15_couv_sommaire.pdf\">Les adultes en souffrance psychique et leurs enfants<\/a><\/td>\n            <\/tr>\n            <tr>\n                <td>13<\/td>\n                <td> 2008\/1<\/td>\n                <td> <a href=\"https:\/\/sfpij.net\/wp-content\/uploads\/2021\/08\/EA13_sommaire.pdf\">L\u2019Esprit et le Cerveau<\/a><\/td>\n            <\/tr>\n            <tr>\n                <td>12<\/td>\n                <td> 2007\/2<\/td>\n                <td> <a href=\"https:\/\/sfpij.net\/wp-content\/uploads\/2021\/08\/EA12_sommaire.pdf\">Soin psychique dans tous ses \u00e9tats<\/a><\/td>\n            <\/tr>\n            <tr>\n                <td>11<\/td>\n                <td> 2007\/1<\/td>\n                <td> <a href=\"https:\/\/sfpij.net\/wp-content\/uploads\/2021\/08\/EA11_sommaire.pdf\">L&rsquo;\u00e9cole et les psys<\/a><\/td>\n            <\/tr>\n            <tr>\n                <td>10<\/td>\n                <td> 2006\/2<\/td>\n                <td> <a href=\"https:\/\/sfpij.net\/wp-content\/uploads\/2021\/08\/EA10_sommaire.pdf\">Histoire de Lien(s)<\/a><\/td>\n            <\/tr>\n            <tr>\n                <td>9<\/td>\n                <td> 2006\/1<\/td>\n                <td> <a href=\"https:\/\/sfpij.net\/wp-content\/uploads\/2021\/08\/EA09_sommaire.pdf\">Diff\u00e9rences<\/a><\/td>\n            <\/tr>\n            <tr>\n                <td>8<\/td>\n                <td> 2005\/2<\/td>\n                <td> <a href=\"https:\/\/sfpij.net\/wp-content\/uploads\/2021\/08\/EA08_sommaire.pdf\">Penser les changements<\/a><\/td>\n            <\/tr>\n            <tr>\n                <td>7<\/td>\n                <td> 2005\/1<\/td>\n                <td> <a href=\"https:\/\/sfpij.net\/wp-content\/uploads\/2021\/08\/EA07_sommaire.pdf\">Autisme et psychose<\/a><\/td>\n            <\/tr>\n            <tr>\n                <td>6<\/td>\n                <td> 2003\/2<\/td>\n                <td> <a href=\"https:\/\/sfpij.net\/wp-content\/uploads\/2021\/08\/EA06_sommaire.pdf\">Psycho-pharmaco(m\u00e9s)alliance<\/a><\/td>\n            <\/tr>\n        <\/tbody>\n    <\/table>\n<\/figure>\n\n\n\n<p><\/p>\n","protected":false},"excerpt":{"rendered":"<p>37 2024\/1 \u00ab De lignes de failles en lignes de Forces \u00bb : \u00c9volution de la psychoth\u00e9rapie institutionnelle d\u2019enfants au c\u0153ur de la soci\u00e9t\u00e9 actuelle &hellip; <span class=\"ml-btn\"><a href=\"https:\/\/sfpij.net\/index.php\/revue-enfances-adolescences\/numeros-parus\/\" class=\"more-link\">Read More<\/a><\/span><\/p>\n","protected":false},"author":1,"featured_media":0,"parent":34,"menu_order":2,"comment_status":"closed","ping_status":"closed","template":"","meta":{"footnotes":""},"class_list":["post-41","page","type-page","status-publish","hentry"],"_links":{"self":[{"href":"https:\/\/sfpij.net\/index.php\/wp-json\/wp\/v2\/pages\/41","targetHints":{"allow":["GET"]}}],"collection":[{"href":"https:\/\/sfpij.net\/index.php\/wp-json\/wp\/v2\/pages"}],"about":[{"href":"https:\/\/sfpij.net\/index.php\/wp-json\/wp\/v2\/types\/page"}],"author":[{"embeddable":true,"href":"https:\/\/sfpij.net\/index.php\/wp-json\/wp\/v2\/users\/1"}],"replies":[{"embeddable":true,"href":"https:\/\/sfpij.net\/index.php\/wp-json\/wp\/v2\/comments?post=41"}],"version-history":[{"count":15,"href":"https:\/\/sfpij.net\/index.php\/wp-json\/wp\/v2\/pages\/41\/revisions"}],"predecessor-version":[{"id":1219,"href":"https:\/\/sfpij.net\/index.php\/wp-json\/wp\/v2\/pages\/41\/revisions\/1219"}],"up":[{"embeddable":true,"href":"https:\/\/sfpij.net\/index.php\/wp-json\/wp\/v2\/pages\/34"}],"wp:attachment":[{"href":"https:\/\/sfpij.net\/index.php\/wp-json\/wp\/v2\/media?parent=41"}],"curies":[{"name":"wp","href":"https:\/\/api.w.org\/{rel}","templated":true}]}}