{"id":26,"date":"2021-08-01T15:27:25","date_gmt":"2021-08-01T13:27:25","guid":{"rendered":"http:\/\/sfpij.net\/?page_id=26"},"modified":"2021-09-17T15:23:59","modified_gmt":"2021-09-17T13:23:59","slug":"activites-scientifiques","status":"publish","type":"page","link":"https:\/\/sfpij.net\/index.php\/activites-scientifiques\/","title":{"rendered":"Activit\u00e9s Scientifiques"},"content":{"rendered":"\n<p><a href=\"https:\/\/sfpij.net\/index.php\/activites-scientifiques\/prochaine-journee\/\">Prochaine Journ\u00e9e<\/a><\/p>\n\n\n\n<p><a href=\"https:\/\/sfpij.net\/index.php\/activites-scientifiques\/international\/\">International<\/a><\/p>\n\n\n\n<p><\/p>\n\n\n\n<p><\/p>\n\n\n\n<p>La soci\u00e9t\u00e9 a sa <a href=\"https:\/\/www.youtube.com\/channel\/UCbdzc157f0DZDah8ARNRvVw\">Chaine YouTube<\/a>. <\/p>\n\n\n\n<p>Cliquez sur le logo pour consulter la liste de nos vid\u00e9os.<\/p>\n\n\n\n<figure class=\"wp-block-image\"><a href=\"https:\/\/www.youtube.com\/channel\/UCbdzc157f0DZDah8ARNRvVw\"><img decoding=\"async\" src=\"https:\/\/sfpij.net\/wp-content\/uploads\/2021\/08\/YT-icone.png\" alt=\"\" class=\"wp-image-113\"\/><\/a><\/figure>\n\n\n\n<p><\/p>\n\n\n\n<p>Certificat universitaire en Troubles des conduites alimentaires chez l\u2019enfant et l\u2019adolescent<br>Cliquez sur le site de l&rsquo;<a rel=\"noreferrer noopener\" href=\"https:\/\/www.ulb.be\/fr\/programme\/fc-782\" target=\"_blank\">ULB<\/a> pour plus d&rsquo;informations. <\/p>\n\n\n\n<p><\/p>\n","protected":false},"excerpt":{"rendered":"<p>Prochaine Journ\u00e9e International La soci\u00e9t\u00e9 a sa Chaine YouTube. Cliquez sur le logo pour consulter la liste de nos vid\u00e9os. Certificat universitaire en Troubles des &hellip; <span class=\"ml-btn\"><a href=\"https:\/\/sfpij.net\/index.php\/activites-scientifiques\/\" class=\"more-link\">Read More<\/a><\/span><\/p>\n","protected":false},"author":1,"featured_media":0,"parent":0,"menu_order":2,"comment_status":"closed","ping_status":"closed","template":"","meta":{"footnotes":""},"class_list":["post-26","page","type-page","status-publish","hentry"],"_links":{"self":[{"href":"https:\/\/sfpij.net\/index.php\/wp-json\/wp\/v2\/pages\/26","targetHints":{"allow":["GET"]}}],"collection":[{"href":"https:\/\/sfpij.net\/index.php\/wp-json\/wp\/v2\/pages"}],"about":[{"href":"https:\/\/sfpij.net\/index.php\/wp-json\/wp\/v2\/types\/page"}],"author":[{"embeddable":true,"href":"https:\/\/sfpij.net\/index.php\/wp-json\/wp\/v2\/users\/1"}],"replies":[{"embeddable":true,"href":"https:\/\/sfpij.net\/index.php\/wp-json\/wp\/v2\/comments?post=26"}],"version-history":[{"count":9,"href":"https:\/\/sfpij.net\/index.php\/wp-json\/wp\/v2\/pages\/26\/revisions"}],"predecessor-version":[{"id":276,"href":"https:\/\/sfpij.net\/index.php\/wp-json\/wp\/v2\/pages\/26\/revisions\/276"}],"wp:attachment":[{"href":"https:\/\/sfpij.net\/index.php\/wp-json\/wp\/v2\/media?parent=26"}],"curies":[{"name":"wp","href":"https:\/\/api.w.org\/{rel}","templated":true}]}}