{"id":17,"date":"2021-08-01T15:17:56","date_gmt":"2021-08-01T13:17:56","guid":{"rendered":"http:\/\/sfpij.net\/?page_id=17"},"modified":"2026-03-10T10:45:34","modified_gmt":"2026-03-10T09:45:34","slug":"accueil","status":"publish","type":"page","link":"https:\/\/sfpij.net\/","title":{"rendered":"Accueil"},"content":{"rendered":"\n<figure class=\"wp-block-gallery has-nested-images columns-default is-cropped wp-block-gallery-1 is-layout-flex wp-block-gallery-is-layout-flex\">\n<figure class=\"wp-block-image size-large\"><a href=\"https:\/\/sfpij.net\/index.php\/actualite\/\"><img loading=\"lazy\" decoding=\"async\" width=\"1024\" height=\"1024\" data-id=\"1260\" src=\"https:\/\/sfpij.net\/wp-content\/uploads\/2026\/03\/asiatique-1024x1024.png\" alt=\"enfant assis\" class=\"wp-image-1260\" srcset=\"https:\/\/sfpij.net\/wp-content\/uploads\/2026\/03\/asiatique-1024x1024.png 1024w, https:\/\/sfpij.net\/wp-content\/uploads\/2026\/03\/asiatique-300x300.png 300w, https:\/\/sfpij.net\/wp-content\/uploads\/2026\/03\/asiatique-150x150.png 150w, https:\/\/sfpij.net\/wp-content\/uploads\/2026\/03\/asiatique-768x768.png 768w, https:\/\/sfpij.net\/wp-content\/uploads\/2026\/03\/asiatique.png 1500w\" sizes=\"auto, (max-width: 1024px) 100vw, 1024px\" \/><\/a><figcaption class=\"wp-element-caption\">Actualit\u00e9<\/figcaption><\/figure>\n\n\n\n<figure class=\"wp-block-image size-large\"><a href=\"https:\/\/sfpij.net\/index.php\/revue-enfances-adolescences\/\"><img loading=\"lazy\" decoding=\"async\" width=\"1024\" height=\"1024\" data-id=\"1259\" src=\"https:\/\/sfpij.net\/wp-content\/uploads\/2026\/03\/sunset-1024x1024.jpg\" alt=\"\" class=\"wp-image-1259\" srcset=\"https:\/\/sfpij.net\/wp-content\/uploads\/2026\/03\/sunset-1024x1024.jpg 1024w, https:\/\/sfpij.net\/wp-content\/uploads\/2026\/03\/sunset-300x300.jpg 300w, https:\/\/sfpij.net\/wp-content\/uploads\/2026\/03\/sunset-150x150.jpg 150w, https:\/\/sfpij.net\/wp-content\/uploads\/2026\/03\/sunset-768x768.jpg 768w, https:\/\/sfpij.net\/wp-content\/uploads\/2026\/03\/sunset.jpg 1500w\" sizes=\"auto, (max-width: 1024px) 100vw, 1024px\" \/><\/a><figcaption class=\"wp-element-caption\">Revue<\/figcaption><\/figure>\n\n\n\n<figure class=\"wp-block-image size-large\"><a href=\"https:\/\/sfpij.net\/index.php\/activites-scientifiques\/\"><img loading=\"lazy\" decoding=\"async\" width=\"1024\" height=\"1024\" data-id=\"1258\" src=\"https:\/\/sfpij.net\/wp-content\/uploads\/2026\/03\/brain-1024x1024.jpg\" alt=\"cerveau artistique bleu\n\" class=\"wp-image-1258\" srcset=\"https:\/\/sfpij.net\/wp-content\/uploads\/2026\/03\/brain-1024x1024.jpg 1024w, https:\/\/sfpij.net\/wp-content\/uploads\/2026\/03\/brain-300x300.jpg 300w, https:\/\/sfpij.net\/wp-content\/uploads\/2026\/03\/brain-150x150.jpg 150w, https:\/\/sfpij.net\/wp-content\/uploads\/2026\/03\/brain-768x768.jpg 768w, https:\/\/sfpij.net\/wp-content\/uploads\/2026\/03\/brain.jpg 1500w\" sizes=\"auto, (max-width: 1024px) 100vw, 1024px\" \/><\/a><figcaption class=\"wp-element-caption\">Activit\u00e9s scientiques<\/figcaption><\/figure>\n<\/figure>\n\n\n\n<br>\n\n\n\n<h4 class=\"wp-block-heading has-text-align-center\"><mark style=\"background-color:rgba(0, 0, 0, 0)\" class=\"has-inline-color has-vivid-red-color\">S<strong>oci\u00e9t\u00e9 Belge Francophone de Psychiatrie et Disciplines Associ\u00e9es de l&rsquo;Enfance et de l&rsquo;Adolescence<\/strong><\/mark><\/h4>\n\n\n\n<p><strong>Devenir membre<\/strong><\/p>\n\n\n\n<p>&nbsp;&nbsp;&nbsp; Envoyer un mail \u00e0 : <a href=\"mailto:sfpij.be@gmail.com\" target=\"_blank\" rel=\"noreferrer noopener\">sfpij.be@gmail.com<\/a> &nbsp;<\/p>\n\n\n\n<p><strong>Cotisation<\/strong> &nbsp;&nbsp;&nbsp;&nbsp; <\/p>\n\n\n\n<ul class=\"wp-block-list\">\n<li>Professionnels : 95 euros <\/li>\n\n\n\n<li>\u00c9tudiants : 50 euros <\/li>\n\n\n\n<li>Institutions (5 membres) : 300 euros<\/li>\n<\/ul>\n\n\n\n<p>Cette cotisation permet d\u2019avoir acc\u00e8s au site complet avec les s\u00e9minaires online, la revue et un tarif pr\u00e9f\u00e9rentiel pour les colloques et journ\u00e9es. Elle se fait par virement sur le compte de la SOC. BELGE FRANCOPHONE DE PSYCHIATRIE ET DISCIPLINES ASSOCI\u00c9ES DE L\u2019ENFANCE ET DE L\u2019ADOLESCENCE&nbsp;: BE07 0016 8979 5166.<\/p>\n\n\n\n<p><\/p>\n","protected":false},"excerpt":{"rendered":"<p>Soci\u00e9t\u00e9 Belge Francophone de Psychiatrie et Disciplines Associ\u00e9es de l&rsquo;Enfance et de l&rsquo;Adolescence Devenir membre &nbsp;&nbsp;&nbsp; Envoyer un mail \u00e0 : sfpij.be@gmail.com &nbsp; Cotisation &nbsp;&nbsp;&nbsp;&nbsp; &hellip; <span class=\"ml-btn\"><a href=\"https:\/\/sfpij.net\/\" class=\"more-link\">Read More<\/a><\/span><\/p>\n","protected":false},"author":1,"featured_media":0,"parent":0,"menu_order":1,"comment_status":"closed","ping_status":"closed","template":"","meta":{"footnotes":""},"class_list":["post-17","page","type-page","status-publish","hentry"],"_links":{"self":[{"href":"https:\/\/sfpij.net\/index.php\/wp-json\/wp\/v2\/pages\/17","targetHints":{"allow":["GET"]}}],"collection":[{"href":"https:\/\/sfpij.net\/index.php\/wp-json\/wp\/v2\/pages"}],"about":[{"href":"https:\/\/sfpij.net\/index.php\/wp-json\/wp\/v2\/types\/page"}],"author":[{"embeddable":true,"href":"https:\/\/sfpij.net\/index.php\/wp-json\/wp\/v2\/users\/1"}],"replies":[{"embeddable":true,"href":"https:\/\/sfpij.net\/index.php\/wp-json\/wp\/v2\/comments?post=17"}],"version-history":[{"count":20,"href":"https:\/\/sfpij.net\/index.php\/wp-json\/wp\/v2\/pages\/17\/revisions"}],"predecessor-version":[{"id":1270,"href":"https:\/\/sfpij.net\/index.php\/wp-json\/wp\/v2\/pages\/17\/revisions\/1270"}],"wp:attachment":[{"href":"https:\/\/sfpij.net\/index.php\/wp-json\/wp\/v2\/media?parent=17"}],"curies":[{"name":"wp","href":"https:\/\/api.w.org\/{rel}","templated":true}]}}